-233133013
In base 10, what is 119 + 371?
490
In base 15, what is 1512 + 1?
1513
In base 10, what is 189942 + -5?
189937
In base 8, what is 5 - 47333?
-47326
In base 6, what is -3 - -44451?
44444
In base 16, what is 2d215 + -5?
2d210
In base 8, what is -1 - 24144?
-24145
In base 12, what is -56 + -5640?
-5696
In base 9, what is -2328 + -1?
-2330
In base 12, what is -83 + -a4?
-167
In base 10, what is 105827 - 3?
105824
In base 10, what is 0 + 53794?
53794
In base 4, what is -3021033 + 11?
-3021022
In base 2, what is -101011001000011110100 + 1?
-101011001000011110011
In base 6, what is 43 + 10445?
10532
In base 6, what is -1230 + -10134?
-11404
In base 6, what is -42 + -34124?
-34210
In base 7, what is -5 - -232526?
232521
In base 11, what is 139 - -226?
364
In base 7, what is 2411 + -1324?
1054
In base 2, what is -100100111001001101 + -11101?
-100100111001101010
In base 16, what is -10070 + -1?
-10071
In base 5, what is 10 - -24344344?
24344404
In base 11, what is 119 - -94?
202
In base 2, what is -11111111001 - -100100?
-11111010101
In base 4, what is -100001 - 33001?
-133002
In base 9, what is -7 + 30823?
30815
In base 3, what is -1010111201 - -10?
-1010111121
In base 5, what is -1413140 - 4?
-1413144
In base 4, what is -3 - -3211223023?
3211223020
In base 5, what is 3343004022 + -2?
3343004020
In base 11, what is 2 + -64153?
-64151
In base 10, what is -4482 + 11?
-4471
In base 16, what is -b + -167e9?
-167f4
In base 13, what is 5 + -a712c?
-a7127
In base 10, what is -5 - 767715?
-767720
In base 7, what is 1101356 - 5?
1101351
In base 2, what is -101111111010001 + 0?
-101111111010001
In base 8, what is -512561 - -4?
-512555
In base 14, what is 1618 + -10?
1608
In base 16, what is -17b + -5f2?
-76d
In base 13, what is 5356 + -2?
5354
In base 10, what is -851791 - -3?
-851788
In base 13, what is -40 - -238?
1c8
In base 3, what is 100102 - 22112?
220
In base 6, what is -20 + -52550?
-53010
In base 14, what is 3 - -5d2c?
5d31
In base 16, what is 88288 + -1?
88287
In base 2, what is 1101101 - -101100000001101?
101100001111010
In base 8, what is -251 + -26664?
-27135
In base 2, what is -111110000000101000 - 10?
-111110000000101010
In base 9, what is -50 - -18372?
18322
In base 6, what is 245313 + -5?
245304
In base 12, what is -b182 - -5?
-b179
In base 10, what is 6226 + -40?
6186
In base 13, what is 3 + 185a3?
185a6
In base 6, what is 12122 + -1101?
11021
In base 4, what is 103 + -213111?
-213002
In base 12, what is -3b486 - 11?
-3b497
In base 13, what is 398 - -3a1a?
40b5
In base 15, what is 5 + b0058?
b005d
In base 2, what is -101 - 10110101011110001101?
-10110101011110010010
In base 12, what is -887b32 - -4?
-887b2a
In base 13, what is 10 - -52196?
521a6
In base 5, what is -3044 - 31?
-3130
In base 12, what is -22ba5 - -4?
-22ba1
In base 12, what is 5 - 1036?
-1031
In base 12, what is -248622 - -3?
-24861b
In base 5, what is 101200 + -3341?
42304
In base 16, what is -171 + -3?
-174
In base 4, what is -1131 - -233213?
232022
In base 14, what is -a92 + 8d?
-a03
In base 13, what is -2 - 3c96a?
-3c96c
In base 13, what is 2 + 800c?
8011
In base 4, what is -32200101232 + 11?
-32200101221
In base 4, what is -120023223 - 12?
-120023301
In base 13, what is -4 + -a08?
-a0c
In base 9, what is -1 + -106364?
-106365
In base 12, what is -20 - 922?
-942
In base 9, what is 28440 - 3?
28436
In base 9, what is 15 + -12544?
-12528
In base 5, what is -32 + 2014302?
2014220
In base 9, what is -17 - 5562?
-5580
In base 11, what is 937a8 + 3?
93800
In base 13, what is 19 - -94?
b0
In base 3, what is -20122 + 12200?
-222
In base 13, what is 23a - -72?
2ac
In base 3, what is 0 + 202201121?
202201121
In base 2, what is -1110011010011 + -100?
-1110011010111
In base 7, what is 120200 + 0?
120200
In base 9, what is -32504 - -2?
-32502
In base 14, what is 1203c - -5?
12043
In base 5, what is 102402213 + -10?
102402203
In base 11, what is 89 - -4a13?
4aa1
In base 16, what is f - e962?
-e953
In base 8, what is -215 - -3252?
3035
In base 3, what is -1120210 + -1222?
-1122202
In base 6, what is -54121 - -42?
-54035
In base 6, what is 15 - -11300?
11315
In base 16, what is 2 + 31d0c?
31d0e
In base 11, what is -1 - -8628?
8627
In base 16, what is -a4f - -120?
-92f
In base 13, what is 63 + 14b?
1b1
In base 2, what is -1100001101011100 - 10111?
-1100001101110011
In base 12, what is -88b + -93?
-962
In base 3, what is 200222 + -111010?
12212
In base 4, what is -203023212 + 10?
-203023202
In base 11, what is 16 - -160525?
160540
In base 4, what is 1322232 + 2?
1322300
In base 15, what is b - -2093?
209e
In base 12, what is -2683137 - -3?
-2683134
In base 3, what is 12022212 - -201?
12100120
In base 11, what is 1005 - -27?
1031
In base 13, what is 6 - c726?
-c720
In base 14, what is d - -6274a?
62759
In base 8, what is 7107066 + 4?
7107072
In base 12, what is -99 + 3b?
-5a
In base 5, what is 1 - -340141?
340142
In base 16, what is b7 + 79?
130
In base 3, what is 1200122212 - 122?
1200122020
In base 8, what is -7154 + 3?
-7151
In base 2, what is 1011111100 - 1000000001?
11111011
In base 10, what is 397099 - 4?
397095
In base 11, what is -2a9 - 80?
-379
In base 9, what is 62 + -1276?
-1214
In base 13, what is -63526 - 1?
-63527
In base 12, what is 306 - -41?
347
In base 16, what is -800 - -1?
-7ff
In base 16, what is -2b5b - 7?
-2b62
In base 9, what is -27 - 18482?
-18520
In base 16, what is -44a + -6e?
-4b8
In base 7, what is -103 - 33003?
-33106
In base 13, what is 5 - -4a418?
4a420
In base 8, what is -212 + 1672?
1460
In base 14, what is 4555 - -21?
4576
In base 8, what is -25 - 3467?
-3514
In base 9, what is 1561 + 24?
1585
In base 11, what is -3 - -201130?
201128
In base 14, what is -14 + a80?
a6a
In base 16, what is -917 - -e?
-909
In base 6, what is -5 + -20555305?
-20555314
In base 11, what is -1844 - 15a?
-19a3
In base 9, what is 8260 - 11?
8248
In base 6, what is -245300320 - -5?
-245300311
In base 5, what is 10 + -31122131?
-31122121
In base 6, what is -50343112 + -5?
-50343121
In base 16, what is -35 - 22d?
-262
In base 2, what is 100001011100 - -11?
100001011111
In base 15, what is -3d - -876?
838
In base 9, what is 3 + -133?
-130
In base 4, what is -31003 - 110?
-31113
In base 4, what is 2000 + -313?
1021
In base 9, what is -456 + -708?
-1265
In base 2, what is -111101000011010000 - 1?
-111101000011010001
In base 8, what is -14323 - 131?
-14454
In base 8, what is 132413 + 61?
132474
In base 6, what is 15310140 - 3?
15310133
In base 10, what is -10 - -2694?
2684
In base 14, what is 10 + 82bc?
82cc
In base 7, what is 2236616 + 3?
2236622
In base 14, what is 4 + 84971?
84975
In base 2, what is 11011101011 + 1010110?
11101000001
In base 3, what is 100 + -10201120120?
-10201120020
In base 10, what is 9941 + -13?
9928
In base 6, what is -1203 + 2532?
1325
In base 8, what is 12215 + -51?
12144
In base 5, what is 0 - 4142143?
-4142143
In base 6, what is -35 + -20313?
-20352
In base 11, what is -1 + -24617?
-24618
In base 3, what is 100212220 + -2?
100212211
In base 5, what is 22340214 + 2?
22340221
In base 3, what is 200102000210 + -12?
200102000121
In base 2, what is 11010011010110 + -111110000?
11001011100110
In base 11, what is -6 + a025?
a01a
In base 15, what is -2 + -3624?
-3626
In base 10, what is 279850 - -2?
279852
In base 6, what is -134 + -1204?
-1342
In base 2, what is 1010011001011110010 - 0?
1010011001011110010
In base 4, what is -11 + -100323110?
-100323121
In base 15, what is 1470a - -2?
1470c
In base 10, what is -35683 + 5?
-35678
In base 7, what is -552063 - -10?
-552053
In base 2, what is -10101111101010110 - -100100?
-10101111100110010
In base 8, what is 0 + -147150?
-147150
In base 11, what is 1768a30 + 4?
1768a34
In base 11, what is -90 - -21689?
215a9
In base 14, what is 2c3b2 + 2?
2c3b4
In base 7, what is 41 - 56?
-15
In base 5, what is -33342412 - 4?
-33342421
In base 9, what is -73735 + 25?
-73710
In base 6, what is 10 - -123232?
123242
In base 3, what is 11021121110121 - 11?
11021121110110
In base 9, what is 64356 - 4?
64352
In base 10, what is -487 - 1?
-488
In base 12, what is -26b7 + -8?
-2703
In base 6, what is 2 + 2011233?
2011235
In base 6, what is 12540 + 142?
13122
In base 2, what is 11000010110 + 1001?
11000011111
In base 2, what is 1 - 100